{"id":60,"date":"2015-04-22T13:21:43","date_gmt":"2015-04-22T11:21:43","guid":{"rendered":"http:\/\/lekcije.mfp.co.rs\/?page_id=60"},"modified":"2015-08-27T09:20:58","modified_gmt":"2015-08-27T07:20:58","slug":"3-2-3-ulazno-izlazni-uredaji","status":"publish","type":"page","link":"https:\/\/lekcije.mfp.co.rs\/?page_id=60","title":{"rendered":"3.2.3. Ulazno izlazni ure\u0111aji"},"content":{"rendered":"<p><b>Ulazno-izlazni ure\u0111aji predstavljaju kombinaciju ulaznih i izlaznih ure\u0111aja.<\/b> Preko njih ra\u010dunar mo\u017ee i da prima i da \u0161alje podatke.<\/p>\n<p><b>ZVU\u010cNA KARTICA<\/b> je za ra\u010dunar ulazno-izlazni ure\u0111aj budu\u0107i da se preko nje zvuk mo\u017ee digitalizovati ili reprodukovati. Svaka zvu\u010dna kartica ima nekoliko ulaza \/ izlaza kojima se povezuje na mikrofon, zvu\u010dnike, slu\u0161alice ili neki drugi muzi\u010dki ure\u0111aj. <b>Zvu\u010dnici i slu\u0161alice<\/b> u tom slu\u010daju predstavljaju izlazne ure\u0111aje, dok <b>mikrofon<\/b> predstavlja ulazni. Dana\u0161nje zvu\u010dne kartice se mogu povezati na razli\u010dite sisteme zvu\u010dnika \u2013 obi\u010dan stereo, 2.1, 5.1, 7. 1 i sl.<\/p>\n<figure>\n<div class=\"kont\"><img decoding=\"async\" src=\"http:\/\/www.webnstudy.com\/img\/hard-sound.jpg\" alt=\"\" width=\"400\" \/><\/div><figcaption>Zvu\u010dna karta<\/figcaption><\/figure>\n<p>Karakteristike zvu\u010dne kartice su <b>odnos zvuka i \u0161uma<\/b> (<i>SNR \u2013 Signal to Noise Ratio<\/i>, izra\u017eava se u decibelima), <b>frekvencija digitalizacije odnosno reprodukcije<\/b> zvuka (u kilohercima kHz) i <b>preciznost zvuka<\/b> (izra\u017eava se u bitovima). Ve\u0107e vrednosti za sve tri karakteristike ozna\u010davaju bolji kvalitet.<\/p>\n<figure>\n<div class=\"kont\"><img decoding=\"async\" src=\"http:\/\/www.webnstudy.com\/img\/hard-sound2.jpg\" alt=\"\" width=\"400\" \/><\/div><figcaption>Zvu\u010dna karta<\/figcaption><\/figure>\n<p>Zvu\u010dne kartice integrisane na mati\u010dnoj plo\u010di uglavnom su zadovoljavaju\u0107eg kvaliteta za prose\u010dnog korisnika, ali ne i za muzi\u010dke profesionalce.<\/p>\n<p>Ure\u0111aji za povezivanje<\/p>\n<p><b>MODEM<\/b> (<i>MOdulator \u2013 DEModulator<\/i>) je ure\u0111aj koji slu\u017ei za povezivanje dva ra\u010dunara putem <b>telefonske linije<\/b>. Funkcioni\u0161e tako \u0161to podatke koje treba poslati pretvara u zvuk koji \u0161alje telefonom, dok zvuk koji prima linijom digitalizuje nazad u podatke. Mo\u017ee biti izveden u internoj ili eksternoj varijanti. <b>Interni modem<\/b> se ugra\u0111uje kao kartica u ra\u010dunar, dok se <b>eksterni<\/b> povezuje kablom i obi\u010dno zahteva sopstveno elektri\u010dno napajanje. Glavni nedostatak modema, osim male brzine, je zauze\u0107e telefonske linije tokom trajanja veze.<\/p>\n<p>Najbitnije karakteristike modema su njegova <b>brzina<\/b> (izra\u017eava se u kbps \u2013 kilobiti u sekundi), koja ide do 56kbps, zatim <b>prepoznavanje zauzetog signala<\/b>, <b>mogu\u0107nost slanja i primanja fax-a<\/b>, <b>mogu\u0107nost telefoniranja<\/b> (<i>voice<\/i>) i posedovanje protokola za kompresiju i proveru podataka (aktuelan je protokol V.92).<\/p>\n<figure>\n<div class=\"kont\"><img decoding=\"async\" src=\"http:\/\/www.webnstudy.com\/img\/hard-modem.jpg\" alt=\"\" width=\"400\" \/><\/div><figcaption>Modem<\/figcaption><\/figure>\n<p><b>KABLOVSKI MODEMI<\/b> su posebni eksterni ure\u0111aji za povezivanje na druge tipove mre\u017ea. Njima se ra\u010dunar povezuje na koaksijalni kabl ili wireless antenu. Ovo nisu modemi u pravom smislu re\u010di po\u0161to se digitalni signal ne konvertuje u zvuk. U kablovske modeme spadaju i <b>ISDN<\/b> i <b>ADSL<\/b> modemi. \u010cak i kada se povezuju na telefonsku liniju, kod ovih modema nema zauze\u0107a telefona dok traje veza. Takvi modemi se povezuju sa ra\u010dunarom preko mre\u017ene karte, USB porta ili be\u017ei\u010dno.<\/p>\n<figure>\n<div class=\"kont\"><img decoding=\"async\" src=\"http:\/\/www.webnstudy.com\/img\/hard-adsl.jpg\" alt=\"\" width=\"300\" \/><\/div><figcaption>ADSL kablovski modem<\/figcaption><\/figure>\n<p><b>MRE\u017dNA KARTICA<\/b> je ure\u0111aj koji se ugra\u0111uje u ra\u010dunar i slu\u017ei za umre\u017eavanje ra\u010dunara. Njome se ra\u010dunar mo\u017ee povezati sa drugim ra\u010dunarom ili nekim od mre\u017enih ure\u0111aja (hub, switch, router). Njena najbitnija karakteristika je <b>brzina prenosa<\/b> (koja se izra\u017eava u megabitima po sekundi \u2013 Mbps). Dana\u0161nje kartice uglavnom imaju brzinu od 100Mbps.<\/p>\n<p><b>TERMINAL<\/b> je najo\u010digledniji primer ulazno-izlaznog ure\u0111aja. Sastoji se iz <b>monitora i tastature<\/b>. Povezuje se na glavni ra\u010dunar, na koji mo\u017ee biti povezano i vi\u0161e terminala. Danas se terminali u bukvalnom smislu re\u010di retko koriste, po\u0161to se zbog niske cene i ceo ra\u010dunar mo\u017ee upotrebiti kao terminal ukoliko je umre\u017een sa glavnim <i>mainframe<\/i>) ra\u010dunarom.<\/p>\n<p><b>MULTIFUNKCIONALNI \u0160TAMPA\u010c<\/b> su\u0161tinski predstavlja kombinaciju <b>\u0161tampa\u010da i skenera<\/b>. Moglo bi se re\u0107i da je ovo prakti\u010dno mala fotokopir ma\u0161ina, po\u0161to za kopiranje ra\u010dunar \u010dak nije ni potreban.<\/p>\n<p><b>EKRAN OSETLJIV NA DODIR<\/b> (<i>touchscreen<\/i>) predstavlja posebnu grupu LCD monitora koji su osetljivi na dodir. Trenutno se koriste najvi\u0161e na mobilnim ure\u0111ajima (PDA ra\u010dunari, smartfoni i tablet ra\u010dunari). Obi\u010dno se za rad sa ovakvim ekranom koristi posebna plasti\u010dna olovka (<b>rezistivni<\/b>), kako bi se postigla ve\u0107a preciznost, mada je ure\u0111aj u mogu\u0107nosti da radi i na dodir prsta (<b>kapacitivni<\/b>).<\/p>\n<p><a href=\"http:\/\/lekcije.mfp.co.rs\/?page_id=38\">Slede\u0107a lekcija<\/a><\/p>\n<p>&nbsp;<\/p>\n","protected":false},"excerpt":{"rendered":"<p>Ulazno-izlazni ure\u0111aji predstavljaju kombinaciju ulaznih i izlaznih ure\u0111aja. Preko njih ra\u010dunar mo\u017ee i da prima i da \u0161alje podatke. ZVU\u010cNA KARTICA je za ra\u010dunar ulazno-izlazni ure\u0111aj budu\u0107i da se preko nje zvuk mo\u017ee digitalizovati ili reprodukovati. Svaka zvu\u010dna kartica ima nekoliko ulaza \/ izlaza kojima se povezuje na mikrofon, zvu\u010dnike, slu\u0161alice ili neki drugi muzi\u010dki &hellip; <a href=\"https:\/\/lekcije.mfp.co.rs\/?page_id=60\" class=\"more-link\">\u041d\u0430\u0441\u0442\u0430\u0432\u0438\u0442\u0435 \u0441\u0430 \u0447\u0438\u0442\u0430\u045a\u0435\u043c <span class=\"screen-reader-text\">3.2.3. Ulazno izlazni ure\u0111aji<\/span> <span class=\"meta-nav\">&rarr;<\/span><\/a><\/p>\n","protected":false},"author":1,"featured_media":0,"parent":144,"menu_order":0,"comment_status":"closed","ping_status":"closed","template":"","meta":{"footnotes":""},"_links":{"self":[{"href":"https:\/\/lekcije.mfp.co.rs\/index.php?rest_route=\/wp\/v2\/pages\/60"}],"collection":[{"href":"https:\/\/lekcije.mfp.co.rs\/index.php?rest_route=\/wp\/v2\/pages"}],"about":[{"href":"https:\/\/lekcije.mfp.co.rs\/index.php?rest_route=\/wp\/v2\/types\/page"}],"author":[{"embeddable":true,"href":"https:\/\/lekcije.mfp.co.rs\/index.php?rest_route=\/wp\/v2\/users\/1"}],"replies":[{"embeddable":true,"href":"https:\/\/lekcije.mfp.co.rs\/index.php?rest_route=%2Fwp%2Fv2%2Fcomments&post=60"}],"version-history":[{"count":6,"href":"https:\/\/lekcije.mfp.co.rs\/index.php?rest_route=\/wp\/v2\/pages\/60\/revisions"}],"predecessor-version":[{"id":349,"href":"https:\/\/lekcije.mfp.co.rs\/index.php?rest_route=\/wp\/v2\/pages\/60\/revisions\/349"}],"up":[{"embeddable":true,"href":"https:\/\/lekcije.mfp.co.rs\/index.php?rest_route=\/wp\/v2\/pages\/144"}],"wp:attachment":[{"href":"https:\/\/lekcije.mfp.co.rs\/index.php?rest_route=%2Fwp%2Fv2%2Fmedia&parent=60"}],"curies":[{"name":"wp","href":"https:\/\/api.w.org\/{rel}","templated":true}]}}