{"id":139,"date":"2015-04-22T12:39:49","date_gmt":"2015-04-22T10:39:49","guid":{"rendered":"http:\/\/lekcije.mfp.co.rs\/?page_id=139"},"modified":"2015-08-28T08:14:30","modified_gmt":"2015-08-28T06:14:30","slug":"3-1-vrste-i-primena-racunarskih-sistema","status":"publish","type":"page","link":"https:\/\/lekcije.mfp.co.rs\/?page_id=139","title":{"rendered":"3.1. VRSTE  I PRIMENA RA\u010cUNARSKIH SISTEMA"},"content":{"rendered":"<h3>VRSTE RA\u010cUNARSKIH SISTEMA<\/h3>\n<p><span style=\"color: #000080;\"><strong>Ra\u010dunari op\u0161te namene<\/strong><\/span> \u2013 mogu da u\u010ditavaju razli\u010dite programe i re\u0161avaju razli\u010dite probleme<\/p>\n<p><span style=\"color: #000080;\"><strong>Ra\u010dunari specijalizovane namene<\/strong><\/span> \u2013 imaju ugra\u0111ene samo one programe za koje su namenjeni<\/p>\n<h3>RA\u010cUNARI PREMA BROJU KORISNIKA<\/h3>\n<p>Sa stanovi\u0161ta broja korisnika koji istovremeno mogu da koriste isti ra\u010dunar postoje:<br \/>\n<span style=\"color: #000080;\"><strong>Vi\u0161ekorisni\u010dki<\/strong><\/span> \u2013 centralni ra\u010dunar opslu\u017euje sve korisnike<br \/>\n<strong><span style=\"color: #000080;\">Jednokorisni\u010dki<\/span> <\/strong>\u2013 svaki korisnik ima svoj ra\u010dunar (PC)<\/p>\n<h3>RA\u010cUNARI PREMA BROJU NAREDBI<\/h3>\n<p>Sa stanovi\u0161ta broja naredbi koje izvr\u0161avaju u trenutku vremena ra\u010dunare delimo na:<br \/>\n<span style=\"color: #000080;\"><strong>serijske<\/strong><\/span> \u2013 u trenutku vremena izvr\u0161avaju jednu naredbu nad samo jednim podatkom u memoriji (PC)<br \/>\n<span style=\"color: #000080;\"><strong>paralelne<\/strong><\/span> &#8211; u trenutku vremena izvr\u0161avaju istu naredbu nad ve\u0107im brojem podataka u memoriji (superra\u010dunari)<\/p>\n<h2>PRIMENA RA\u010cUNARA<\/h2>\n<p>Ra\u010dunari se danas primenjuju za:<\/p>\n<ul>\n<li><span style=\"color: #008000;\">obrada teksta \u2013 pisanje, ure\u0111ivanje, obikovanje i \u0161tampanje teksta (MS Wodr, Lateh, Word Perfect)<\/span><\/li>\n<li><span style=\"color: #008000;\">tabelarna izra\u010dunavanja &#8211; koriste tabele za prikazivanje podataka i izra\u010dunavanja na osnovu unetih vrednosti (MS Excel, Lotus, QUattro Pro)<\/span><\/li>\n<li><span style=\"color: #008000;\">baze podataka \u2013 koriste se za \u010duvanje i obradu velikog broja podataka<\/span><\/li>\n<li><span style=\"color: #008000;\">obrada slike \u2013 koriste se za uno\u0161enje i obradu slika u ra\u010dunaru<\/span><\/li>\n<li><span style=\"color: #008000;\">obrada zvuka<\/span><\/li>\n<li><span style=\"color: #008000;\">animacije<\/span><\/li>\n<li><span style=\"color: #008000;\">obrada video zapisa<\/span><\/li>\n<li><span style=\"color: #008000;\">komunikacije<\/span><\/li>\n<li><span style=\"color: #008000;\">multimedijalna primena<\/span><\/li>\n<li><span style=\"color: #008000;\">TV reklame, spotovi, igre, zabava i razonoda<\/span><\/li>\n<\/ul>\n<p><a href=\"http:\/\/lekcije.mfp.co.rs\/?page_id=22\">Slede\u0107a lekcija<\/a><\/p>\n","protected":false},"excerpt":{"rendered":"<p>VRSTE RA\u010cUNARSKIH SISTEMA Ra\u010dunari op\u0161te namene \u2013 mogu da u\u010ditavaju razli\u010dite programe i re\u0161avaju razli\u010dite probleme Ra\u010dunari specijalizovane namene \u2013 imaju ugra\u0111ene samo one programe za koje su namenjeni RA\u010cUNARI PREMA BROJU KORISNIKA Sa stanovi\u0161ta broja korisnika koji istovremeno mogu da koriste isti ra\u010dunar postoje: Vi\u0161ekorisni\u010dki \u2013 centralni ra\u010dunar opslu\u017euje sve korisnike Jednokorisni\u010dki \u2013 svaki &hellip; <a href=\"https:\/\/lekcije.mfp.co.rs\/?page_id=139\" class=\"more-link\">\u041d\u0430\u0441\u0442\u0430\u0432\u0438\u0442\u0435 \u0441\u0430 \u0447\u0438\u0442\u0430\u045a\u0435\u043c <span class=\"screen-reader-text\">3.1. VRSTE  I PRIMENA RA\u010cUNARSKIH SISTEMA<\/span> <span class=\"meta-nav\">&rarr;<\/span><\/a><\/p>\n","protected":false},"author":1,"featured_media":0,"parent":132,"menu_order":0,"comment_status":"closed","ping_status":"closed","template":"","meta":{"footnotes":""},"_links":{"self":[{"href":"https:\/\/lekcije.mfp.co.rs\/index.php?rest_route=\/wp\/v2\/pages\/139"}],"collection":[{"href":"https:\/\/lekcije.mfp.co.rs\/index.php?rest_route=\/wp\/v2\/pages"}],"about":[{"href":"https:\/\/lekcije.mfp.co.rs\/index.php?rest_route=\/wp\/v2\/types\/page"}],"author":[{"embeddable":true,"href":"https:\/\/lekcije.mfp.co.rs\/index.php?rest_route=\/wp\/v2\/users\/1"}],"replies":[{"embeddable":true,"href":"https:\/\/lekcije.mfp.co.rs\/index.php?rest_route=%2Fwp%2Fv2%2Fcomments&post=139"}],"version-history":[{"count":6,"href":"https:\/\/lekcije.mfp.co.rs\/index.php?rest_route=\/wp\/v2\/pages\/139\/revisions"}],"predecessor-version":[{"id":376,"href":"https:\/\/lekcije.mfp.co.rs\/index.php?rest_route=\/wp\/v2\/pages\/139\/revisions\/376"}],"up":[{"embeddable":true,"href":"https:\/\/lekcije.mfp.co.rs\/index.php?rest_route=\/wp\/v2\/pages\/132"}],"wp:attachment":[{"href":"https:\/\/lekcije.mfp.co.rs\/index.php?rest_route=%2Fwp%2Fv2%2Fmedia&parent=139"}],"curies":[{"name":"wp","href":"https:\/\/api.w.org\/{rel}","templated":true}]}}