{"id":125,"date":"2015-04-22T15:18:19","date_gmt":"2015-04-22T13:18:19","guid":{"rendered":"http:\/\/lekcije.mfp.co.rs\/?page_id=125"},"modified":"2015-05-14T14:05:55","modified_gmt":"2015-05-14T12:05:55","slug":"piraterija","status":"publish","type":"page","link":"https:\/\/lekcije.mfp.co.rs\/?page_id=125","title":{"rendered":"Piraterija"},"content":{"rendered":"<p>Prema definiciji <b>BSA<\/b> (<i>Business Software Alliance<\/i>), &#8222;Softverska piraterija je neovla\u0161\u0107eno kopiranje ili distribucija softvera za\u0161ti\u0107enog autorskim pravom. To mo\u017ee biti kopiranje, preuzimanje, deljenje, prodaja ili instaliranje vi\u0161e kopija programa na li\u010dne ili radne kompjutere&#8220;.[1]<\/p>\n<p>Piraterija ko\u0161ta softverske kompanije, ali i dr\u017eavu zbog narastanja sive ekonomije \u2013 crnog tr\u017ei\u0161ta na kome se razmenjuje piratizovani materijal bez pla\u0107anja poreza.<\/p>\n<p>Prema proceni BSA, u Srbiji je u 2010. godini procenat piratizovanog softvera <b>iznosio \u010dak 74%<\/b>, a njegova procenjena vrednost iznosila je <b>95 miliona dolara<\/b>. Iako je procenat piratskog softvera u opadanju i dalje je jedan od najvi\u0161ih u regionu. Naravno, svaki podatak treba gledati u svetlu ostalih informacija. Na primer, procenat piratskog softvera u Nema\u010dkoj iznosi niskih 27%, ali taj procenat predstavlja softver u vrednosti od 2 milijarde dolara. U svetu se procenjuje da je ukupna vrednost instaliranog piratskog softvera oko <b>59 milijardi dolara<\/b> \u2013 \u0161to u stvari predstavlja \u0161tetu koju trpe softverske kompanije. Stopa piraterije je uobi\u010dajeno korelisana sa niskim standardom i siroma\u0161tvom.[2]<\/p>\n<p>Kanali kojima se naj\u010de\u0161\u0107e \u0161iri piratski softver su:<\/p>\n<ul>\n<li><b>P2P<\/b> (<i>peer-to-peer<\/i>) mre\u017ee za razmenu velikih fajlova \u2013 otvorena razmena ne samo programa, ve\u0107 i filmova, muzike, TV programa;<\/li>\n<li><b>aukcijski sajtovi<\/b> \u2013 prodaja za\u0161ti\u0107enog softvera;<\/li>\n<li><b>B2B<\/b> (<i>business-to-business<\/i>) sajtovi \u2013 prodaja velike koli\u010dine &#8222;legalnog&#8220; softvera;<\/li>\n<li><b>stariji na\u010dini<\/b> \u2013 ovi na\u010dini su danas zapostavljeni zahvaljuju\u0107i efikasnijim na\u010dinima razmene fajlova (IRC mre\u017ee, FTP sajtovi, fizi\u010dki prenos putem CD\/DVD medija).<\/li>\n<\/ul>\n<p>Jedan od naj\u010de\u0161\u0107ih oblika piraterije je <b>kupovina jedne licence (jednog &#8222;originala&#8220;) i njegova instalacija na vi\u0161e ra\u010dunara<\/b>. Licenca je uvek jasna po tom pitanju \u2013 nemogu\u0107e je zaobi\u0107i zakon i kasnije se praviti &#8222;neve\u0161t&#8220;.<\/p>\n<p>U borbi protiv piraterije prvi na udaru su prodavci ra\u010dunarske opreme i preduze\u0107a. Metodi kojima se koriste nadle\u017eni organi su klasi\u010dna prijava i tzv. &#8222;la\u017eni kupac&#8220; (kada se na kupljenom ra\u010dunaru proverava da li postoji instaliran piratski softver). Generalno, pirati su dobro organizovani i tehni\u010dki obrazovani. Profit koji se zara\u0111uje na prodaji piratskog materijala \u010desto nadma\u0161uje \u010dak i trgovinu drogom ili oru\u017ejem.<\/p>\n<p>Malo te\u017ei slu\u010daj predstavljaju tipovi piraterije kod kojih ne postoji tok novca koji se mo\u017ee pratiti. U pitanju su svi piratski sadr\u017eaji koji se mogu prona\u0107i besplatno putem Interneta. Na P2P mre\u017eama po\u010dinioci su mnogobrojni \u2013 svako ko zapo\u010dne proces preuzimanja (<i>download<\/i>) istovremeno postaje i njegov primalac (<i>leecher<\/i>) i delilac (<i>seeder<\/i>). Ovakav proces se mo\u017ee pratiti stalnom kontrolom sadr\u017eaja Internet saobra\u0107aja svih korisnika, \u0161to nas uvodi u podru\u010dje naru\u0161avanja privatnosti i slobode komunikacije.<\/p>\n<p>Rizici koje uklju\u010duje nabavka piratskog softvera su:<\/p>\n<ul>\n<li>nedobijanje uputstava i odgovaraju\u0107e dokumentacije, tehni\u010dke podr\u0161ke ili unapre\u0111enja softvera (<i>upgrade<\/i>);<\/li>\n<li>dobijanje nekompletnih, izmenjenih ili probnih verzija softvera;<\/li>\n<li>infekcija ra\u010dunara virusima i drugim malicioznim softverom, \u010dime se kriminalcima omogu\u0107ava pristup privatnim podacima na ra\u010dunaru i sl.<\/li>\n<\/ul>\n<p>Zakon o autorskom i srodnim pravima je jasan kada ka\u017ee da \u0107e <b>biti ka\u017enjeno svako lice koje neovla\u0161\u0107eno objavi, zabele\u017ei, umno\u017ei ili javno saop\u0161ti autorsko delo ili ih stavlja u promet, daje u zakup ili poseduje umno\u017eene u komercijalne svrhe<\/b>. Me\u0111utim, kr\u0161enje zakona nije samo piraterija. Zabranjeno je i kori\u0161\u0107enje piratskih kopija, uklanjanje za\u0161tite, kao i prodaja, reklamiranje i komercijalna upotreba svakog ure\u0111aja \u010dija je svrha zaobila\u017eenje tehnolo\u0161kih mera za\u0161tite.[1]<\/p>\n<p>Kod nas se proverom legalnosti instaliranog softvera bavi <b>Poreska uprava<\/b>. Prva mera koja se sprovodi protiv prekr\u0161ioca je davanje roka u kome mora biti izvr\u0161ena legalizacija softvera. Ako prekr\u0161ilac to ne uradi ili ne podnese dokaze o izvr\u0161enoj legalizaciji, protiv njega se podnosi prekr\u0161ajna prijava ili prijava za privredni prestup. Ovakav na\u010din uvo\u0111enja u legalne tokove je samo privremena mera \u2013 u budu\u0107nosti, <b>prekr\u0161iocima ne\u0107e biti pru\u017eana mogu\u0107nost legalizacije, ve\u0107 \u0107e se odmah podnositi prijave<\/b>.<\/p>\n<aside class=\"prf Daniel\">\n<div>Ok, verovatno se nikada ne\u0107e desiti da nam neko zakuca na vrata i do\u0111e da proverava kakave programe imamo instalirane na ra\u010dunaru. Ipak ako iza\u0111emo u javnost sa npr. grafikom, animacijom, sajtom i sl. postoji mogu\u0107nost da neko nekada postavi pitanje o softveru koji koristimo&#8230;<\/div>\n<\/aside>\n<p>Osoba koja kr\u0161i autorska prava mo\u017ee biti krivi\u010dno gonjena i protiv nje se mo\u017ee pokrenuti krivi\u010dni ili gra\u0111anski postupak.<\/p>\n<p>Akcije koje se preduzimaju protiv lica u krivi\u010dnom postupku su kazna zatvora, naknada materijalne \u0161tete i oduzimanje predmeta.<\/p>\n<p>Akcije koje se preduzimaju u gra\u0111anskom postupku su [1]:<\/p>\n<ul>\n<li>utvr\u0111ivanje i prestanak povrede prava;<\/li>\n<li>uni\u0161tenje ili preina\u010denje predmeta kojima je izvr\u0161ena povreda prava, uklju\u010duju\u0107i i sve primerke predmeta za\u0161tite, ambala\u017ee, matrice, negative i sli\u010dno, kao i uni\u0161tenje ili preina\u010denje alata i opreme uz pomo\u0107 kojih su proizvedeni ti predmeti;<\/li>\n<li>naknadu imovinske \u0161tete;<\/li>\n<li>objavljivanje presude o tro\u0161ku tu\u017eenog.<\/li>\n<\/ul>\n<p>Ameri\u010dko pravosu\u0111e prepoznaje praksu tzv. <b>&#8222;fer upotrebe&#8220;<\/b> kada se materijal pod za\u0161titom autorskog prava koristi u smislu <b>kritike, izve\u0161tavanja, parodiranja, prou\u010davanja ili edukacije, ali na na\u010din kada se ne ostvaruje zarada<\/b>. Na\u0161 Zakon o autorskom i srodnim pravima tako\u0111e predvi\u0111a mogu\u0107nost da se napravi sigurnosna kopija za sopstvene potrebe, u smislu backup-a. Drugim re\u010dima, korisniku je dozvoljeno slu\u0161anje MP3 muzike ako je kupio originalni CD. Ono \u0161to nije dozvoljeno je dalja distribucija tih fajlova. Sa druge strane, \u010dak iako postoji originalni CD, njegovo preslu\u0161avanje je dozvoljeno za li\u010dnu upotrebu \u2013 javno izvo\u0111enje (npr. u restoranu ili prodavnici) je zabranjeno. \u0160to se ti\u010de ra\u010dunarskih programa, <b>dozvoljeno je kreiranje samo jedne rezervne kopije<\/b>. Tako\u0111e, dozvoljeno je umno\u017eavanje kratkih odlomaka autorskih dela za nekomercijalne svrhe <b>nastave, ispita ili nau\u010dnog istra\u017eivanja<\/b>.<\/p>\n<p>Jedna interesantna reakcija je osnivanje <b>piratskih organizacija<\/b> i politi\u010dkih partija koje promovi\u0161u slobodu deljenja sadr\u017eaja i ukidanje ili radikalnu izmenu zakona o autorskim pravima. Predstavnici piratskih pokreta svoja na\u010dela zasnivaju na ideji da je Internet potpuno promenio na\u010din \u017eivota i dru\u0161tvo.[2] Ove zanimljive ideje zahtevaju su\u0161tinsku promenu svesti u dru\u0161tvu o deljenju, slobodi, pravima i intelektualnoj svojini. Ostaje da se vidi da li \u0107e to ikada biti ostvareno ili \u0107e ostati zapam\u0107eno kao jo\u0161 jedna utopijska vizija budu\u0107nosti.<\/p>\n<p><a href=\"http:\/\/lekcije.mfp.co.rs\/?page_id=119\">Slede\u0107a lekcija<\/a><\/p>\n","protected":false},"excerpt":{"rendered":"<p>Prema definiciji BSA (Business Software Alliance), &#8222;Softverska piraterija je neovla\u0161\u0107eno kopiranje ili distribucija softvera za\u0161ti\u0107enog autorskim pravom. To mo\u017ee biti kopiranje, preuzimanje, deljenje, prodaja ili instaliranje vi\u0161e kopija programa na li\u010dne ili radne kompjutere&#8220;.[1] Piraterija ko\u0161ta softverske kompanije, ali i dr\u017eavu zbog narastanja sive ekonomije \u2013 crnog tr\u017ei\u0161ta na kome se razmenjuje piratizovani materijal bez &hellip; <a href=\"https:\/\/lekcije.mfp.co.rs\/?page_id=125\" class=\"more-link\">\u041d\u0430\u0441\u0442\u0430\u0432\u0438\u0442\u0435 \u0441\u0430 \u0447\u0438\u0442\u0430\u045a\u0435\u043c <span class=\"screen-reader-text\">Piraterija<\/span> <span class=\"meta-nav\">&rarr;<\/span><\/a><\/p>\n","protected":false},"author":1,"featured_media":0,"parent":92,"menu_order":0,"comment_status":"open","ping_status":"open","template":"","meta":{"footnotes":""},"_links":{"self":[{"href":"https:\/\/lekcije.mfp.co.rs\/index.php?rest_route=\/wp\/v2\/pages\/125"}],"collection":[{"href":"https:\/\/lekcije.mfp.co.rs\/index.php?rest_route=\/wp\/v2\/pages"}],"about":[{"href":"https:\/\/lekcije.mfp.co.rs\/index.php?rest_route=\/wp\/v2\/types\/page"}],"author":[{"embeddable":true,"href":"https:\/\/lekcije.mfp.co.rs\/index.php?rest_route=\/wp\/v2\/users\/1"}],"replies":[{"embeddable":true,"href":"https:\/\/lekcije.mfp.co.rs\/index.php?rest_route=%2Fwp%2Fv2%2Fcomments&post=125"}],"version-history":[{"count":2,"href":"https:\/\/lekcije.mfp.co.rs\/index.php?rest_route=\/wp\/v2\/pages\/125\/revisions"}],"predecessor-version":[{"id":310,"href":"https:\/\/lekcije.mfp.co.rs\/index.php?rest_route=\/wp\/v2\/pages\/125\/revisions\/310"}],"up":[{"embeddable":true,"href":"https:\/\/lekcije.mfp.co.rs\/index.php?rest_route=\/wp\/v2\/pages\/92"}],"wp:attachment":[{"href":"https:\/\/lekcije.mfp.co.rs\/index.php?rest_route=%2Fwp%2Fv2%2Fmedia&parent=125"}],"curies":[{"name":"wp","href":"https:\/\/api.w.org\/{rel}","templated":true}]}}