{"id":121,"date":"2015-04-22T15:43:51","date_gmt":"2015-04-22T13:43:51","guid":{"rendered":"http:\/\/lekcije.mfp.co.rs\/?page_id=121"},"modified":"2015-05-14T14:09:46","modified_gmt":"2015-05-14T12:09:46","slug":"licenciranje","status":"publish","type":"page","link":"https:\/\/lekcije.mfp.co.rs\/?page_id=121","title":{"rendered":"Licenciranje"},"content":{"rendered":"<p>Korisnicima je ponekad nejasno da za ra\u010dunarski softver va\u017ee sasvim druga\u010dija pravila u odnosu na kompjuterski hardver. Hardver predstavlja predmet \u2013 kada ga korisnik kupi, on ga i poseduje. Softver se ne poseduje, on samo mo\u017ee da se koristi.<\/p>\n<p>Kada korisnik ulo\u017ei novac za neki program, on nije platio disk i sam softver na njemu. Platio je pravo kori\u0161\u0107enja.<\/p>\n<p>Najprostiji model licenciranja je po korisniku i ra\u010dunaru \u2013 za dati novac, samo jedan korisnik ima pravo da instalira i koristi program na samo jednom ra\u010dunaru. Ovakva licenca mo\u017ee biti pro\u0161irena na vi\u0161e korisnika i vi\u0161e ra\u010dunara.<\/p>\n<p>Postoji veliki broj razli\u010ditih tipova licenci \u2013 grupne (za vi\u0161e korisnika\/ra\u010dunara), ekskluzivne (softver koji je ustupljen na kori\u0161\u0107enje jednom jedinom korisniku), paketne (za ceo paket programa), vremenski ograni\u010dene (licence koje se moraju obnoviti posle nekog perioda), itd.[48]<\/p>\n<p>Obi\u010dno se prilikom instalacije komercijalnog (a ponekad i besplatnog) softvera od korisnika zahteva da prihvati tekst pod nazivom EULA (End-User License Agreement). To je u stvari ugovor u digitalnoj formi koji korisnik mora da prihvati kako bi mogao da koristi softver. Obi\u010dno se u ovom tekstu proizvo\u0111a\u010d osloba\u0111a bilo kakve odgovornosti od \u0161tete vezane za upotrebu softvera i defini\u0161e na\u010din na koji korisnik sme da koristi softver. Ve\u0107ina korisnika ne \u010dita ili ne shvata zaista ovaj dokument, \u0161to omogu\u0107ava legalnost razli\u010ditim spyware i sli\u010dnim programima.<\/p>\n<h2>Intelektualna svojina<span class=\"goTop\"><img decoding=\"async\" src=\"http:\/\/www.webnstudy.com\/graf\/glif-top.png\" alt=\"\" \/><\/span><\/h2>\n<p>Ne zaboravite da se autorska prava odnose na svaki podatak &#8211; dokumente, slike, muziku, video materijal. Autor mo\u017ee da postavi npr. sliku ili pesmu na Internetu &#8211; korisnici mogu to slobodno da gledaju, slu\u0161aju, pa \u010dak i snime na svoj ra\u010dunar. Me\u0111utim, nemojte misliti da tu sliku mo\u017eete tek tako upotrebiti na svom sajtu, blogu, u okviru svog dizajna, ilustracije i sl. Tako\u0111e, tu\u0111u muziku isto tako ne smete bez dozvole prepravljati, koristiti kao podlogu za neku prezentaciju ili animaciju koju \u0107ete onda objaviti na YouTube-u.<\/p>\n<p>Naravno, ako za sebe sastavite muzi\u010dku kompilaciju ili od neke slike privatno napravite wallpaper, niko vam ne mo\u017ee zameriti, ali \u010dim iza\u0111ete u javnost sa radom koji se zasniva na tu\u0111em, izla\u017eete se opasnosti od tu\u017ebe za povredu autorskih prava.<\/p>\n<p>Na nekim sajtovima postoji jasno definisana licenca i za takve materijale. Najbolji primer je Wikipedia, gde su za svaki ponu\u0111eni sadr\u017eaj (slika, audio zapis&#8230;) navedene i mogu\u0107nosti kori\u0161\u0107enja &#8211; pod kojim uslovima i da li je to uop\u0161te dozvoljeno.<\/p>\n<p>U najve\u0107i problem mo\u017eete da se uvalite ako ne\u010dije autorsko delo bez dozvole koristite u komercijalne svrhe. Nemojte \u017eiveti u uverenju da ste za\u0161ti\u0107eni ako ste u dr\u017eavi koja je &#8222;daleko od o\u010diju&#8220; ili &#8222;Bogu iza tregera&#8220;, pa da vas niko ne\u0107e otkriti ako ne\u010dije ilustracije objavite u knjizi ili \u010dasopisu ili iskoristite grafi\u010dki dizajn za ambala\u017eu. Postoje primeri da je iz Evrope ili SAD-a bilo pre\u0107eno ozbiljnim tu\u017ebama za ukraden dizajn, materijal iskori\u0161\u0107en bez dozvole ili \u010dak ukradenu ideju.<\/p>\n<aside class=\"prf Daniel\">\n<div>\n<div>\u010cesto zaboravljamo da su slike i fotografije koje skidamo sa weba tako\u0111e ne\u010dije vlasni\u0161tvo &#8211; ako \u017eelimo da ih upotrebimo, moramo imati dozvolu!<\/div>\n<\/div>\n<\/aside>\n<h2>Uklanjanje sadr\u017eaja sa Interneta<span class=\"goTop\"><img decoding=\"async\" src=\"http:\/\/www.webnstudy.com\/graf\/glif-top.png\" alt=\"\" \/><\/span><\/h2>\n<p>Sadr\u017eaj sa sajta mo\u017ee biti uklonjen prema ameri\u010dkom &#8222;Zakonu o autorskom pravu digitalnog milenijuma&#8220; (<i>DMCA &#8211; Digital Millennium Copyright Act<\/i>). Zakon se odnosi na imaoce prava koji smatraju da je njihovo autorsko pravo prekr\u0161eno objavljivanjem odre\u0111enog materijala negde na Internetu (iako Zakon nije ograni\u010den samo na Internet). Zakon se odnosi i na prava i obaveze Internet provajdera na \u010dijim serverima se nalazi pomenuti materijal.<\/p>\n<p>Ono \u0161to moramo da znamo je da se taj Zakon mo\u017ee primenjaivati bilo gde u svetu, po\u0161to dr\u017eave obi\u010dno imaju sklopljene sporazume koji obavezuju hosting provajdere i pru\u017eaju pravni okvir za za\u0161titu autorskog prava. Zna\u010di to \u0161to je Zakon ameri\u010dki, ne zna\u010di da mo\u017eemo slobodno na svoj sajt stavljati materijale koje smo skinuli sa tu\u0111ih sajtova.<\/p>\n<p>Intelektualno vlasni\u0161tvo postoji nad svakim objavljenim materijalom &#8211; tekst, slika, zvuk, video&#8230; Vlasnik ne mora da registruje materijal, \u010dak niti da postavi obave\u0161tenje o za\u0161ti\u0107enom autorskom pravu (<i>copyright<\/i>). Bez dozvole autora, ne smete koristiti tu\u0111 materijal.<\/p>\n<p>Prema delovanju ovog Zakona se uklanjaju sadr\u017eaji sa YouTube-a, Facebook-a, raznih <i>file-hosting<\/i> i <i>file-sharing<\/i> servisa, pa \u010dak i rezultati Google pretrage. Do uklanjanja sadr\u017eaja dolazi na slede\u0107i na\u010din:<\/p>\n<ul>\n<li>sadr\u017eaj mo\u017ee ukloniti vlasnik sajta na osnovu zahteva provajdera kod koga je sajt hostovan ili samog nosioca autorskog prava<\/li>\n<li>provajder koji hostuje sajt mo\u017ee ukloniti samo sadr\u017eaj kojim se kr\u0161i autorsko pravo ili \u010dak ceo web sajt<\/li>\n<\/ul>\n<p>Prema ovom Zakonu, mogu\u0107e je tra\u017eiti uklanjanje ne samo materjala \u010diji je osoba autor, ve\u0107 i materijala koji se odnosi na nju &#8211; ako se nalazi na fotografiji ili video snimku.<\/p>\n","protected":false},"excerpt":{"rendered":"<p>Korisnicima je ponekad nejasno da za ra\u010dunarski softver va\u017ee sasvim druga\u010dija pravila u odnosu na kompjuterski hardver. Hardver predstavlja predmet \u2013 kada ga korisnik kupi, on ga i poseduje. Softver se ne poseduje, on samo mo\u017ee da se koristi. Kada korisnik ulo\u017ei novac za neki program, on nije platio disk i sam softver na njemu. &hellip; <a href=\"https:\/\/lekcije.mfp.co.rs\/?page_id=121\" class=\"more-link\">\u041d\u0430\u0441\u0442\u0430\u0432\u0438\u0442\u0435 \u0441\u0430 \u0447\u0438\u0442\u0430\u045a\u0435\u043c <span class=\"screen-reader-text\">Licenciranje<\/span> <span class=\"meta-nav\">&rarr;<\/span><\/a><\/p>\n","protected":false},"author":1,"featured_media":0,"parent":0,"menu_order":0,"comment_status":"closed","ping_status":"open","template":"","meta":{"footnotes":""},"_links":{"self":[{"href":"https:\/\/lekcije.mfp.co.rs\/index.php?rest_route=\/wp\/v2\/pages\/121"}],"collection":[{"href":"https:\/\/lekcije.mfp.co.rs\/index.php?rest_route=\/wp\/v2\/pages"}],"about":[{"href":"https:\/\/lekcije.mfp.co.rs\/index.php?rest_route=\/wp\/v2\/types\/page"}],"author":[{"embeddable":true,"href":"https:\/\/lekcije.mfp.co.rs\/index.php?rest_route=\/wp\/v2\/users\/1"}],"replies":[{"embeddable":true,"href":"https:\/\/lekcije.mfp.co.rs\/index.php?rest_route=%2Fwp%2Fv2%2Fcomments&post=121"}],"version-history":[{"count":1,"href":"https:\/\/lekcije.mfp.co.rs\/index.php?rest_route=\/wp\/v2\/pages\/121\/revisions"}],"predecessor-version":[{"id":122,"href":"https:\/\/lekcije.mfp.co.rs\/index.php?rest_route=\/wp\/v2\/pages\/121\/revisions\/122"}],"wp:attachment":[{"href":"https:\/\/lekcije.mfp.co.rs\/index.php?rest_route=%2Fwp%2Fv2%2Fmedia&parent=121"}],"curies":[{"name":"wp","href":"https:\/\/api.w.org\/{rel}","templated":true}]}}