{"id":100,"date":"2015-04-22T11:43:57","date_gmt":"2015-04-22T09:43:57","guid":{"rendered":"http:\/\/lekcije.mfp.co.rs\/?page_id=100"},"modified":"2015-05-14T14:02:15","modified_gmt":"2015-05-14T12:02:15","slug":"ftp-servisi","status":"publish","type":"page","link":"https:\/\/lekcije.mfp.co.rs\/?page_id=100","title":{"rendered":"FTP servisi"},"content":{"rendered":"<h2>FTP<span class=\"goTop\"><img decoding=\"async\" src=\"http:\/\/www.webnstudy.com\/graf\/glif-top.png\" alt=\"\" \/><\/span><\/h2>\n<p>Fajl servisi u nekom obliku postoje od kada postoji i Internet. Osnovni servis za prenos fajlova nosi ime kao i ve\u0107 pomenuti protokol \u2013 <b>FTP<\/b>. Kod njega se putem korisni\u010dkog imena i \u0161ifre pristupa serveru sa koga je mogu\u0107e u\u010ditati, snimiti ili obrisati fajlove. Danas se ovaj servis najvi\u0161e koristi za odr\u017eavanje fajlova na web sajtovima.<\/p>\n<figure>\n<div class=\"kont\"><img decoding=\"async\" src=\"http:\/\/www.webnstudy.com\/img\/soft-winscp.jpg\" alt=\"\" width=\"400\" \/><\/div><figcaption>Besplatni FTP klijent <b>WinSCP<\/b> (<a href=\"http:\/\/winscp.net\">winscp.net<\/a>)<\/figcaption><\/figure>\n<p>Web \u010dita\u010di omogu\u0107uju pristup FTP servisu (preuzimanje fajlova), ali ako \u017eelimo da u potpunosti koristimo ovaj servis (rad sa direktorijumima, upload, prebacivanje, brisanje fajlova kao i promena naziva), bi\u0107e nam potrebna posebna aplikacija. Sre\u0107om, sasvim dobar FTP softver je beslatan &#8211; <b>Filezilla<\/b> pod Linuxom, <b>WinSCP<\/b> na Windows platformi, a i mnogi fajl menad\u017eeri (npr. <b>Total Commander<\/b>) objedinjuju i FTP klijent.<\/p>\n<h2>Razmena i hosting fajlova preko Weba<span class=\"goTop\"><img decoding=\"async\" src=\"http:\/\/www.webnstudy.com\/graf\/glif-top.png\" alt=\"\" \/><\/span><\/h2>\n<p>Naprednija i komercijalnija verzija su moderni servisi za razmenu (<i>sharing<\/i>) fajlova, od kojih su samo neki <b>Keep2Share<\/b> (<a href=\"http:\/\/k2s.cc\">k2s.cc<\/a>), <b>Uploaded<\/b> (<a href=\"http:\/\/uploaded.net\">uploaded.net<\/a>), <b>RapidGator<\/b> (<a href=\"http:\/\/rapidgator.net\">rapidgator.net<\/a>) itd. Ovi servisi ne omogu\u0107avaju pretragu fajlova \u2013 pristup je omogu\u0107en samo ako dobijemo ta\u010dan link do fajla. Linkovi se obi\u010dno razmenjuju putem chat-a ili na forumima.<\/p>\n<figure>\n<div class=\"kont\"><img decoding=\"async\" src=\"http:\/\/www.webnstudy.com\/img\/web-keep2share.jpg\" alt=\"\" width=\"300\" \/><\/div>\n<div class=\"kont\"><img decoding=\"async\" src=\"http:\/\/www.webnstudy.com\/img\/web-uploaded.jpg\" alt=\"\" width=\"300\" \/><\/div><figcaption>File sharing servisi <b>Keep2Share<\/b> i <b>Uploaded<\/b><\/figcaption><\/figure>\n<p>Ovi servisi su \u010desto na udaru tu\u017ebi po osnovu piraterije, po\u0161to se uglavnom koriste za deljenje piratizovanih filmova, serija i publikacija. Sami servisi kao takvi nisu nelegalni, ali fajlovi koji se dele bez dozvole vlasnika jesu. \u010dim servisi dobiju zahtev od imaoca autorskih prava, <b>moraju odmah da uklone sporni fajl<\/b>.<\/p>\n<p><b>Fajl hosting<\/b> je sli\u010dan servis, ali prvenstveno namenjen <b>\u010duvanju fajlova u oblaku<\/b>. Prednost kori\u0161\u0107enja ovih servisa je \u0161to mo\u017eemo sa\u010duvati svoje fajlove ili im pristupiti putem Interneta gde god da se nalazimo.<\/p>\n<p>Od ovakvih servisa se tra\u017ee brzina, kapacitet i mogu\u0107nost enkripcije falova. Fajl hosting servisi obi\u010dno razvijaju i desktop i mobilne aplikacije kojima se olak\u0161ava pristup fajlovima.<\/p>\n<p>Neki od najpoznatijih su <b>DropBox<\/b> (<a href=\"http:\/\/dropbox.com\">dropbox.com<\/a>), <b>Copy<\/b> (<a href=\"http:\/\/copy.com\">copy.com<\/a>) i <b>Mega<\/b> (<a href=\"http:\/\/mega.co.nz\">mega.co.nz<\/a>)<\/p>\n<figure>\n<div class=\"kont\"><img decoding=\"async\" src=\"http:\/\/www.webnstudy.com\/img\/web-copy.jpg\" alt=\"\" width=\"400\" \/><\/div><figcaption>File hosting servis <b>Copy<\/b><\/figcaption><\/figure>\n<h2>P2P razmena fajlova<span class=\"goTop\"><img decoding=\"async\" src=\"http:\/\/www.webnstudy.com\/graf\/glif-top.png\" alt=\"\" \/><\/span><\/h2>\n<p>Kona\u010dno, fajlovi se mogu razmenjivati i putem nekog <b>P2P<\/b> (<i>peer-to-peer<\/i>) protokola koji su razvijeni radi prenosa velike koli\u010dine podataka, tako da se serveri ne optere\u0107uju. Najpoznatiji je svakako <b>BitTorrent<\/b> protokol, a neko verme je zna\u010dajan bio i <b>eDonkey<\/b>.<\/p>\n<p>Ideja je da se korisnici povezuju me\u0111usobno preko P2P mre\u017ee \u2013 kada se fajl preuzima, ne preuzima se samo sa jednog mesta, ve\u0107 u delovima od velikog broja korisnika koji ga imaju (istovremeno i na\u0161 ra\u010dunar slu\u017ei da prosle\u0111uje delove fajla svim drugim korisnicima). Na ovaj na\u010din se mogu ostvariti velike brzine prenosa, a ne postoji optere\u0107enje servera.<\/p>\n<p>Da bismo do\u0161li do nekog fajla <b>BitTorrent<\/b> protokolom, potreban nam je poseban <b>torrent fajl<\/b> koji sadr\u017ei informacije o tom fajlu. Kada taj fajl u\u010ditamo u <b>torrent klijent<\/b>, zapo\u010dinje proces preuzimanja fajla. Torrent klijenti su posebne (naj\u010de\u0161\u0107e besplatne) aplikacije koje slu\u017ee za povezivanje korisnika u P2P mre\u017eu i razmenu fajlova. Najkori\u0161\u0107eniji na Windows-u je svakako <b>\u00b5Torrent<\/b> (<a href=\"http:\/\/www.utorrent.com\/\">utorrent.com<\/a>), dok Linux i Mac korisnici obi\u010dno koriste <b>Transmission<\/b>. Za moderne web \u010dita\u010de postoje i dodaci koji funkcioni\u0161u kao torrent klijenti.<\/p>\n<figure>\n<div class=\"kont\"><img decoding=\"async\" src=\"http:\/\/www.webnstudy.com\/img\/soft-tixati1.jpg\" alt=\"\" width=\"300\" \/><\/div>\n<div class=\"kont\"><img decoding=\"async\" src=\"http:\/\/www.webnstudy.com\/img\/soft-tixati2.jpg\" alt=\"\" width=\"300\" \/><\/div><figcaption>Torrent klijent <b>Tixati 1.86<\/b> (<a href=\"http:\/\/tixati.com\">tixati.com<\/a>) nije ni najpoznatiji, ni najkori\u0161\u0107eniji, ali je potpuno besplatan, bez reklama i jednostavan za upotrebu<\/figcaption><\/figure>\n<p>Ove fajlove relativno lako pronalazimo na Internetu &#8211; pojedini proizvo\u0111a\u010di umesto klasi\u010dnog downloada radije nude torrent fajlove (npr. linux distribucije). Posebni sajtovi koji su posve\u0107eni hostovanju i pretrazi torrenta nazivaju se <b>torrent trackeri<\/b>. Najpoznatiji su <b>The Pirate Bay<\/b> (<a href=\"https:\/\/thepiratebay.se\/\">thepiratebay.se<\/a>), <b>KickAss Torrents<\/b> (<a href=\"https:\/\/kickass.to\/\">kickass.to<\/a>) i sl. Neki trackeri su posve\u0107eni samo jednoj oblasti (film, muzika, knjige), ali ve\u0107ina su op\u0161teg tipa. Danas nam \u010dak nije potreban ni <b>torrent fajl<\/b>, ve\u0107 prenos zapo\u010dinjemo klikom na poseban <b>magnet link<\/b> koji direktno iz web \u010dita\u010da prosle\u0111uje podatke o fajlu u na\u0161 torrent klijent.<\/p>\n<figure>\n<div class=\"kont\"><img decoding=\"async\" src=\"http:\/\/www.webnstudy.com\/img\/web-piratebay.jpg\" alt=\"\" width=\"300\" \/><\/div>\n<div class=\"kont\"><img decoding=\"async\" src=\"http:\/\/www.webnstudy.com\/img\/web-kickass.jpg\" alt=\"\" width=\"300\" \/><\/div><figcaption>Torrent trackeri <b>The Pirate Bay<\/b> i <b>KickAss Torrents<\/b><\/figcaption><\/figure>\n<p>Torrent trackeri su ozlogla\u0161eni kao mesta koja podr\u017eavaju pirateriju, po\u0161to se velika ve\u0107ina fajlova razmenjuje nelegalno. Po\u0161to se ovim putem ostvaruje veliki piratski promet, trackeri i njihovi hosting provajderi su obi\u010dno na meti velikih filmskih i muzi\u010dkih izdava\u010da. Na trackere se vr\u0161e hakerski napadi, vr\u0161i se opstrukcija postavljanjem la\u017enih torrenta (koji \u010desto vode do zara\u017eenih fajlova), vr\u0161i se pritisak da se uklone torrenti iz pretrage na osnovu DMCA zahteva i kona\u010dno, dolazi do zaplene servera i hap\u0161enja. Kao najve\u0107i i najpoznatiji tracker, <b>PirateBay<\/b> je vi\u0161e nego svi ostali bio \u017ertva ovakvih aktivnosti.<\/p>\n<p><a href=\"http:\/\/lekcije.mfp.co.rs\/?page_id=115\">Slede\u0107a lekcija<\/a><\/p>\n","protected":false},"excerpt":{"rendered":"<p>FTP Fajl servisi u nekom obliku postoje od kada postoji i Internet. Osnovni servis za prenos fajlova nosi ime kao i ve\u0107 pomenuti protokol \u2013 FTP. Kod njega se putem korisni\u010dkog imena i \u0161ifre pristupa serveru sa koga je mogu\u0107e u\u010ditati, snimiti ili obrisati fajlove. Danas se ovaj servis najvi\u0161e koristi za odr\u017eavanje fajlova na &hellip; <a href=\"https:\/\/lekcije.mfp.co.rs\/?page_id=100\" class=\"more-link\">\u041d\u0430\u0441\u0442\u0430\u0432\u0438\u0442\u0435 \u0441\u0430 \u0447\u0438\u0442\u0430\u045a\u0435\u043c <span class=\"screen-reader-text\">FTP servisi<\/span> <span class=\"meta-nav\">&rarr;<\/span><\/a><\/p>\n","protected":false},"author":1,"featured_media":0,"parent":92,"menu_order":0,"comment_status":"open","ping_status":"closed","template":"","meta":{"footnotes":""},"_links":{"self":[{"href":"https:\/\/lekcije.mfp.co.rs\/index.php?rest_route=\/wp\/v2\/pages\/100"}],"collection":[{"href":"https:\/\/lekcije.mfp.co.rs\/index.php?rest_route=\/wp\/v2\/pages"}],"about":[{"href":"https:\/\/lekcije.mfp.co.rs\/index.php?rest_route=\/wp\/v2\/types\/page"}],"author":[{"embeddable":true,"href":"https:\/\/lekcije.mfp.co.rs\/index.php?rest_route=\/wp\/v2\/users\/1"}],"replies":[{"embeddable":true,"href":"https:\/\/lekcije.mfp.co.rs\/index.php?rest_route=%2Fwp%2Fv2%2Fcomments&post=100"}],"version-history":[{"count":2,"href":"https:\/\/lekcije.mfp.co.rs\/index.php?rest_route=\/wp\/v2\/pages\/100\/revisions"}],"predecessor-version":[{"id":306,"href":"https:\/\/lekcije.mfp.co.rs\/index.php?rest_route=\/wp\/v2\/pages\/100\/revisions\/306"}],"up":[{"embeddable":true,"href":"https:\/\/lekcije.mfp.co.rs\/index.php?rest_route=\/wp\/v2\/pages\/92"}],"wp:attachment":[{"href":"https:\/\/lekcije.mfp.co.rs\/index.php?rest_route=%2Fwp%2Fv2%2Fmedia&parent=100"}],"curies":[{"name":"wp","href":"https:\/\/api.w.org\/{rel}","templated":true}]}}